mposite number?
True
Let h(z) = 2*z**3 - 5*z**2 - 3*z - 18. Is h(8) a prime number?
False
Let w = 12 + 87. Suppose -4*v = w - 1975. Is v composite?
True
Suppose -2*m + 2032 = -2*h, 3*m = -h - 270 + 3330. Is m prime?
True
Suppose 4*x - 4 = 0, 0 = -5*c - 4*x - 5 - 21. Let q(g) = -5*g**2 + 6*g - 4*g - g**3 + 3*g + 0*g. Is q(c) composite?
True
Let h(a) = 5*a**3 + 2*a - 2*a**3 - 3 - 2*a**2 - a**3. Let f be h(2). Let q(w) = w**3 - 5*w**2 - 10*w - 13. Is q(f) a composite number?
True
Let r(c) = 7*c. Let b be r(-4). Let g = b - -97. Suppose -2*z - 5*f = -0*z - g, z - 2*f - 39 = 0. Is z a prime number?
True
Suppose -2*x + 970 = 3*v, 0 = 5*x + v + 2*v - 2425. Is x a composite number?
True
Suppose -4*u = -892 - 568. Suppose 2*d + 3*d = u. Suppose 4 - 16 = 4*h, -o + d = 2*h. Is o a composite number?
False
Suppose -3*f - 49 = -244. Suppose -t + 2 = 0, 2*q - 5*t + f = 7*q. Is q composite?
False
Let s = 1555 - 668. Is s composite?
False
Suppose 0*r = 3*r. Suppose m = 2*q + q + 18, r = -3*m - q + 4. Suppose 3*h + h - 342 = -t, -5*h + 419 = -m*t. Is h prime?
False
Suppose 4*b - 5*b = -5. Suppose 5*k - b*r = 895, r - 895 = -5*k + 4*r. Is k prime?
True
Let b be (-1 - -5)*(-2)/4. Let a be (-28)/3 + b/(-6). Is 25/9 + (-2)/a a prime number?
True
Suppose 0 = 3*v - 299 - 94. Is v a composite number?
False
Suppose -6*s = s - 8197. Is s a prime number?
True
Suppose -5*g = -0*g. Suppose -5*b + 2*b + 777 = g. Is b a prime number?
False
Suppose 1808 = 4*z + 5*l, 5*l = -z - 0*z + 452. Suppose 4*o - 20 = -0*o. Suppose -2*t - 2*k - 445 = -5*t, -3*t + z = o*k. Is t composite?
False
Let f be (248/10)/((-2)/10). Let w = -65 - f. Is w prime?
True
Is 7509/(-18)*-3*2 a prime number?
True
Let n(k) = -161*k - 11. Let g(o) = -80*o - 6. Let s(f) = -7*g(f) + 3*n(f). Is s(4) composite?
False
Suppose -4*b + 2*g = -12, b - 3*b + 4*g + 6 = 0. Suppose 4*x + b*m - 408 = 155, -4*m - 584 = -4*x. Is x a prime number?
False
Let s(a) = 2*a**3 - 8*a**2 + 2*a - 9. Let b be s(6). Suppose -3*k + 30 + b = 0. Is k a prime number?
True
Suppose 5*s + 2*d = 4*d + 19, 4*s + 5*d = 2. Suppose -8 = -5*q + s*q. Suppose -q*r + r + 63 = 0. Is r prime?
False
Let p be 2/((-4)/8 + 1). Suppose -205 = p*c - 1025. Is c composite?
True
Let s(h) = -h**3 + 3*h**2 + 2*h - 2. Let o be s(3). Suppose 0 = 4*q - u - 578, 0*q + 2*u = -o*q + 584. Is q prime?
False
Let n = 1 + -10. Is (-10)/(-15) + (-381)/n a prime number?
True
Let i be (-6)/4*(-5 - -3). Is 5/(-15) + 70/i composite?
False
Is 3/(-18) - 14133/(-18) a composite number?
True
Let f = 398 - 165. Is f a composite number?
False
Is ((-11902)/33)/(4/(-6)) prime?
True
Suppose k = 4*k + 6. Let w be k*(2 - 1) - -25. Suppose 2*n - 23 - w = 0. Is n composite?
False
Let u = 1 - 1. Suppose -3*f + 3*x + u*x + 342 = 0, -2*x - 4 = 0. Let y = f - 29. Is y prime?
True
Is (45/(-12) + 4)*844 composite?
False
Let r be 5*((-7)/5 + 2). Suppose -5*t + 122 = -3*i, r*i + 45 - 11 = t. Is 2*t/8*14 a composite number?
True
Suppose 0*u = 2*u. Let v(a) = -3*a**2 + 7*a - 50. Let s(g) = -g**2 + 3*g - 25. Let x(p) = -5*s(p) + 2*v(p). Is x(u) composite?
True
Suppose -4*x = 2*p - 5*p - 10, -3*x = -3*p - 6. Suppose 5*z - 340 = -5*v, 7*z = 4*z - x*v + 203. Is z a prime number?
False
Let j(g) = 499*g - 7. Is j(12) composite?
False
Let d = -126 + 1967. Is d a prime number?
False
Let p(o) = -o**3 + o**2 + 2*o - 1. Let w be p(-2). Let r = 15 - w. Suppose r*m = 3*m + 105. Is m composite?
True
Suppose -3*b + 0*l = 2*l + 11, 2*l = -2. Let p = 10 + b. Is p a prime number?
True
Let k = -114 - -323. Is k a prime number?
False
Suppose -3*q - 237 + 1538 = -n, -5*n = 5*q - 2135. Suppose 4*j + 5*y = y + 420, -y + q = 4*j. Is j a composite number?
False
Let m be (3 + -2)*-1 + 6. Suppose 0 = -m*t + 55 + 40. Let h = 38 + t. Is h prime?
False
Suppose -o + s = -21, -o - s + 5 = 2*s. Suppose 0 = -4*v - 0*v + 572. Suppose -y + 5*y - d - v = 0, y = 4*d + o. Is y a composite number?
False
Let l(k) = 4*k + 9. Let s(i) = 3*i + 10. Let w(p) = -6*l(p) + 5*s(p). Is w(-3) prime?
True
Suppose m - 2558 = 335. Is m composite?
True
Is -1 - ((-1)/2 + (-44145)/30) a prime number?
True
Suppose 128 + 2087 = 5*k. Is k a composite number?
False
Suppose 4*w - 10320 = -0*w. Is ((-6)/9)/((-8)/w) composite?
True
Let a(u) = 33*u + 3. Let m be a(4). Let f(q) = -6*q - 14. Let l be f(-11). Let z = m - l. Is z composite?
False
Suppose 3*j + 13 = 199. Let y be -56*(1 - j/4). Suppose 0 = 3*t + t - y. Is t composite?
True
Suppose -667 = 4*k + 73. Let j be ((-4)/5)/(1/k). Suppose v = 2*f - v - j, 4*f - v = 296. Is f a prime number?
False
Let w(q) = 46*q + 3. Let v be w(-2). Let f = -15 - v. Is f prime?
False
Let z(r) = -r**3 + 8*r**2 - 9*r + 9. Let g be z(7). Let n(c) = -67 + 137 - 64 - 3*c. Is n(g) a composite number?
True
Suppose 0 = p - 4, 4*p - 245 = -r + 402. Is r prime?
True
Let s(j) be the second derivative of j**4/12 + j**3/2 - j**2 + j. Let k be s(-4). Is (-28)/8*(-8)/k prime?
False
Suppose 3 = -3*t + 18. Let g be ((-68)/t)/(7/(-35)). Suppose -w - w = -g. Is w a prime number?
False
Let i be -1 - 6/(-3) - -366. Let y = i - 98. Is y a composite number?
False
Let s = 156 + 5. Is s a prime number?
False
Suppose -o = 5*r - 157 - 555, -3*o = 9. Is r prime?
False
Let k(a) = 157*a**3 - 2*a + 2. Is k(1) a prime number?
True
Let u(a) = -19*a - 4. Let i = -1 + 3. Suppose g = -1 - i. Is u(g) a composite number?
False
Suppose -4*d - 1006 = -5*y - 5*d, -5*y - 5*d = -1010. Is y a composite number?
True
Let x be 8*1*1/2. Suppose -x*s = -3*s - 77. Suppose 235 = 3*y - 4*g, -5*y - 3*g = s - 459. Is y a composite number?
True
Is 399 + (-1 - -1 - 4) prime?
False
Is ((-111)/12 + 0)*-44 prime?
False
Let l = 14 + -9. Suppose -l*b + 3 = -17. Is (b + -3)/((-2)/(-22)) a prime number?
True
Let s(a) = -16*a + 47. Is s(-9) a composite number?
False
Let k = 615 + -289. Is k prime?
False
Let o = 303 - -914. Is o a prime number?
True
Let y(l) = l**2 + l + 7. Let o be y(-6). Suppose 0*d + d = o. Is d a prime number?
True
Let b be 0 - (0 + -1) - -2. Suppose -b*d + 6 = -6. Suppose d*m - 251 = 497. Is m a composite number?
True
Let h = 368 - 207. Is h a composite number?
True
Let h = 458 - -165. Is h a prime number?
False
Let g be 0 + 0/1 + 0. Suppose 5*j - 4*d + 2*d - 379 = g, 227 = 3*j - d. Let i = j + -44. Is i composite?
False
Is (3 + -1)*(5 + 7765/10) prime?
False
Suppose 0 = 2*y + 2*l - 5*l - 7, 0 = 5*y - l - 24. Suppose 4*g + 3*w + 236 = 5*g, y*g - 1245 = 2*w. Is g prime?
True
Let c(j) = -j**2 + 9*j. Let f(n) be the first derivative of n**3/3 + 3*n**2 - 1. Let t be f(-7). Is c(t) a composite number?
True
Suppose 4*d + 131 + 151 = w, 564 = 2*w - 4*d. Suppose w - 62 = 4*u. Suppose -2*t + 3*k + 54 = 0, t - u = -2*t - 2*k. Is t composite?
True
Is -33*(-4)/(48/116) composite?
True
Let f = 1426 - -1639. Is f a prime number?
False
Let h(y) = -2*y**2 + 83. Let s be h(0). Suppose s = -4*u + 495. Is u prime?
True
Suppose -2*h + g + 2586 = -0*h, 5*h - 6468 = 4*g. Let z = h + -842. Suppose -z = -5*o - 55. Is o composite?
False
Let s be (-6)/15 - 182/(-5). Let i = s + -13. Is i prime?
True
Let s be 6/(15/(-9) + 2). Is (-3)/s + 211/6 a prime number?
False
Let a = -265 - -638. Suppose 4*z = -3*u + a, 274 = 3*u - 4*z - 115. Is u composite?
False
Let x = -25 + 276. Is x prime?
True
Suppose -2*x - 5*q = x + 19, -5*x + 4*q + 30 = 0. Suppose u = x*u. Suppose 5*n - 242 - 23 = u. Is n prime?
True
Is 1/(-2) + (-2348)/(-8) prime?
True
Let q = -19 + 23. Is (-8487)/(-33) - q/22 a prime number?
True
Let a = -4 + 6. Suppose -a*r - 33 = -3*r. Is r prime?
False
Let s(p) = 3*p - 10. Let r be s(4). Let t = -178 - -462. Is t/6 - r/6 a prime number?
True
Suppose -4*x = -166 - 102. Is x prime?
True
Suppose 5*t + 3*s = -12, -4*t + 0*s + 4 = -s. Let n be 22 + t/(-1) - 1. Let v = 36 - n. Is v composite?
True
Let a(q) = 177*q**2 + 1. Is a(-1) composite?
True
Let l(t) = -1209*t + 2. Is l(-1) a composite number?
True
Let p = 64 + -31. Let i = -2 + p. Is i prime?
True
Suppose 0 = -21*z + 16*z + 145. Suppose 21 = 4*g - g + 4*t, 3*t = -2*g + 15. Is g/(-12) - z/(-4) prime?
True
Suppose -2*i + 261 + 933 = 0. Is i a composite number?
True
Let s be ((-3)/(-6))/(8/48). Let a = 22 + -16. Suppose -s*t - 75 = -a*t. Is t a prime number?
False
Suppose 4*c - 2*c - 28 = 0. Is c composite?
True
Suppose 0*m = 2*m. Suppose m = -